3?
21
What is the remainder when 627 is divided by 130?
107
What is the remainder when 124 is divided by 22?
14
What is the remainder when 210 is divided by 72?
66
Calculate the remainder when 248 is divided by 51.
44
What is the remainder when 1328 is divided by 341?
305
What is the remainder when 766 is divided by 43?
35
What is the remainder when 3611 is divided by 27?
20
Calculate the remainder when 104 is divided by 93.
11
Calculate the remainder when 972 is divided by 75.
72
What is the remainder when 1254 is divided by 30?
24
What is the remainder when 804 is divided by 13?
11
What is the remainder when 568 is divided by 109?
23
Calculate the remainder when 644 is divided by 111.
89
Calculate the remainder when 263 is divided by 63.
11
Calculate the remainder when 227 is divided by 60.
47
What is the remainder when 1484 is divided by 492?
8
Calculate the remainder when 358 is divided by 90.
88
Calculate the remainder when 636 is divided by 58.
56
What is the remainder when 1564 is divided by 61?
39
Calculate the remainder when 353 is divided by 112.
17
Calculate the remainder when 9742 is divided by 29.
27
What is the remainder when 27719 is divided by 24?
23
What is the remainder when 509 is divided by 161?
26
Calculate the remainder when 73 is divided by 5.
3
What is the remainder when 348 is divided by 117?
114
Calculate the remainder when 256 is divided by 35.
11
What is the remainder when 561 is divided by 94?
91
What is the remainder when 501 is divided by 52?
33
What is the remainder when 64 is divided by 35?
29
Calculate the remainder when 102 is divided by 12.
6
What is the remainder when 114 is divided by 13?
10
Calculate the remainder when 1032 is divided by 22.
20
Calculate the remainder when 10857 is divided by 14.
7
Calculate the remainder when 295 is divided by 92.
19
Calculate the remainder when 697 is divided by 140.
137
What is the remainder when 400 is divided by 390?
10
Calculate the remainder when 2650 is divided by 78.
76
Calculate the remainder when 78 is divided by 67.
11
Calculate the remainder when 557 is divided by 93.
92
What is the remainder when 440 is divided by 6?
2
What is the remainder when 4309 is divided by 1426?
31
What is the remainder when 55 is divided by 4?
3
Calculate the remainder when 2421 is divided by 15.
6
What is the remainder when 4001 is divided by 28?
25
Calculate the remainder when 13934 is divided by 3482.
6
What is the remainder when 408 is divided by 98?
16
What is the remainder when 2007 is divided by 286?
5
What is the remainder when 8725 is divided by 11?
2
Calculate the remainder when 1095 is divided by 9.
6
What is the remainder when 506 is divided by 85?
81
Calculate the remainder when 682 is divided by 95.
17
What is the remainder when 442 is divided by 28?
22
What is the remainder when 296 is divided by 50?
46
What is the remainder when 364 is divided by 37?
31
Calculate the remainder when 1295 is divided by 31.
24
What is the remainder when 131 is divided by 22?
21
Calculate the remainder when 177 is divided by 107.
70
Calculate the remainder when 453 is divided by 15.
3
What is the remainder when 62 is divided by 40?
22
What is the remainder when 352 is divided by 51?
46
What is the remainder when 43 is divided by 11?
10
Calculate the remainder when 1599 is divided by 25.
24
Calculate the remainder when 4283 is divided by 4.
3
Calculate the remainder when 407 is divided by 48.
23
What is the remainder when 1414 is divided by 12?
10
What is the remainder when 1311 is divided by 258?
21
Calculate the remainder when 1000 is divided by 263.
211
Calculate the remainder when 304 is divided by 80.
64
What is the remainder when 41 is divided by 27?
14
What is the remainder when 695 is divided by 50?
45
What is the remainder when 6458 is divided by 30?
8
Calculate the remainder when 102 is divided by 38.
26
What is the remainder when 301 is divided by 39?
28
Calculate the remainder when 5902 is divided by 18.
16
What is the remainder when 119 is divided by 38?
5
What is the remainder when 7263 is divided by 2421?
0
Calculate the remainder when 28 is divided by 6.
4
Calculate the remainder when 132 is divided by 27.
24
Calculate the remainder when 148 is divided by 38.
34
Calculate the remainder when 719 is divided by 90.
89
What is the remainder when 1273 is divided by 17?
15
Calculate the remainder when 90 is divided by 7.
6
What is the remainder when 2656 is divided by 11?
5
What is the remainder when 811 is divided by 71?
30
Calculate the remainder when 62 is divided by 21.
20
What is the remainder when 129 is divided by 35?
24
What is the remainder when 1528 is divided by 44?
32
Calculate the remainder when 59 is divided by 40.
19
Calculate the remainder when 3607 is divided by 11.
10
Calculate the remainder when 1245 is divided by 315.
300
What is the remainder when 18920 is divided by 17?
16
What is the remainder when 187 is divided by 9?
7
What is the remainder when 129 is divided by 3?
0
What is the remainder when 69 is divided by 20?
9
What is the remainder when 680 is divided by 22?
20
Calculate the remainder when 44 is divided by 10.
4
What is the remainder when 799 is divided by 160?
159
Calculate the remainder when 174 is divided by 55.
9
What is the remainder when 84 is divided by 37?
10
Calculate the remainder when 2389 is divided by 37.
21
Calculate the remainder when 11 is divided by 3.
2
What is the remainder when 429 is divided by 43?
42
What is the remainder when 2951 is divided by 326?
17
What is the remainder when 588 is divided by 93?
30
Calculate the remainder when 3091 is divided by 33.
22
What is the remainder when 136 is divided by 36?
28
Calculate the remainder when 2204 is divided by 183.
8
What is the remainder when 140 is divided by 36?
32
Calculate the remainder when 128 is divided by 10.
8
What is the remainder when 395 is divided by 50?
45
What is the remainder when 53 is divided by 30?
23
What is the remainder when 49 is divided by 19?
11
Calculate the remainder when 354 is divided by 7.
4
Calculate the remainder when 1328 is divided by 5.
3
Calculate the remainder when 35 is divided by 15.
5
Calculate the remainder when 6 is divided by 3.
0
Calculate the remainder when 432 is divided by 113.
93
What is the remainder when 76 is divided by 22?
10
What is the remainder when 222 is divided by 119?
103
Calculate the remainder when 20 is divided by 5.
0
Calculate the remainder when 381 is divided by 96.
93
Calculate the remainder when 599 is divided by 100.
99
What is the remainder when 44 is divided by 9?
8
Calculate the remainder when 418 is divided by 140.
138
Calculate the remainder when 449 is divided by 15.
14
What is the remainder when 710 is divided by 7?
3
What is the remainder when 438 is divided by 132?
42
Calculate the remainder when 5546 is divided by 185.
181
What is the remainder when 463 is divided by 78?
73
Calculate the remainder when 490 is divided by 99.
94
What is the remainder when 63 is divided by 15?
3
Calculate the remainder when 159 is divided by 43.
30
What is the remainder when 669 is divided by 282?
105
What is the remainder when 300 is divided by 107?
86
Calculate the remainder when 1348 is divided by 19.
18
What is the remainder when 3428 is divided by 88?
84
What is the remainder when 289 is divided by 121?
47
Calculate the remainder when 83 is divided by 22.
17
What is the remainder when 618 is divided by 5?
3
Calculate the remainder when 425 is divided by 416.
9
What is the remainder when 131 is divided by 11?
10
Calculate the remainder when 206 is divided by 6.
2
Calculate the remainder when 216 is divided by 106.
4
What is the remainder when 1360 is divided by 271?
5
What is the remainder when 713 is divided by 51?
50
What is the remainder when 6627 is divided by 3?
0
Calculate the remainder when 9349 is divided by 110.
109
What is the remainder when 269 is divided by 32?
13
What is the remainder when 4037 is divided by 805?
12
What is the remainder when 1520 is divided by 502?
14
What is the remainder when 668 is divided by 45?
38
Calculate the remainder when 109 is divided by 73.
36
What is the remainder when 2490 is divided by 416?
410
Calculate the remainder when 358 is divided by 22.
6
What is the remainder